979 and 1263847?
2483
Calculate the greatest common factor of 73940 and 1592.
4
What is the highest common divisor of 57874 and 8618657?
1523
What is the greatest common factor of 48446266 and 11110?
2222
Calculate the highest common factor of 98 and 941542.
14
What is the highest common factor of 1982952 and 2304?
72
What is the greatest common factor of 134089563 and 23?
23
Calculate the highest common factor of 267743685 and 11820.
2955
Calculate the greatest common factor of 27370 and 35930.
10
Calculate the greatest common factor of 7 and 2205168.
7
What is the greatest common factor of 16786 and 2423288?
1526
What is the highest common divisor of 24 and 13849656?
24
Calculate the highest common factor of 29790 and 9330.
30
What is the greatest common factor of 2 and 1510466?
2
What is the greatest common factor of 29862 and 17865218?
1106
Calculate the greatest common factor of 29717562 and 9.
3
Calculate the greatest common factor of 116361 and 86625.
63
Calculate the highest common divisor of 713904768 and 864.
288
Calculate the highest common factor of 20090 and 43400.
70
What is the highest common divisor of 149022 and 1944?
18
Calculate the highest common divisor of 46027576 and 76.
76
Calculate the highest common divisor of 15 and 12755895.
15
Calculate the greatest common divisor of 6960 and 15189040.
2320
Calculate the greatest common divisor of 598 and 6560359.
299
What is the highest common divisor of 6692 and 17447?
239
Calculate the highest common divisor of 6390269 and 14191.
617
Calculate the highest common divisor of 316768 and 1591136.
608
What is the greatest common factor of 30338 and 104566?
154
Calculate the greatest common divisor of 39560950 and 65.
65
What is the highest common divisor of 23034 and 1800942?
66
What is the greatest common factor of 667790 and 4816?
86
What is the greatest common divisor of 21331310 and 6930?
770
What is the greatest common factor of 36 and 86408001?
9
What is the highest common factor of 59 and 84882533?
59
Calculate the highest common divisor of 8 and 19626992.
8
Calculate the highest common factor of 72782 and 127142.
302
Calculate the greatest common divisor of 6580 and 4613.
7
Calculate the highest common factor of 3663 and 48081.
33
What is the highest common factor of 24184 and 1234?
2
Calculate the greatest common factor of 3561559 and 372.
31
What is the highest common factor of 2462676 and 1788?
12
Calculate the greatest common divisor of 628 and 68571948.
628
What is the highest common factor of 157090 and 2095?
5
Calculate the greatest common divisor of 17 and 20977133.
17
What is the highest common factor of 1539 and 1679643?
27
Calculate the highest common factor of 536 and 29596312.
536
What is the highest common divisor of 18015 and 80700?
15
What is the highest common factor of 29810 and 585362710?
2710
What is the greatest common divisor of 1667779 and 1?
1
What is the highest common factor of 40117824 and 24768?
576
Calculate the greatest common factor of 57 and 7912873.
19
Calculate the greatest common factor of 352 and 185922.
22
Calculate the highest common divisor of 4131 and 1488362121.
4131
Calculate the highest common divisor of 2404 and 755905346.
1202
What is the greatest common divisor of 198 and 861011514?
198
Calculate the greatest common factor of 8700 and 3537275.
725
Calculate the greatest common divisor of 208864 and 109800.
488
What is the greatest common divisor of 9962 and 31501016?
586
Calculate the greatest common divisor of 1435730 and 190.
10
Calculate the highest common divisor of 2548 and 5724446.
182
Calculate the greatest common factor of 60 and 4104231.
3
What is the highest common factor of 21073172 and 8?
4
Calculate the greatest common divisor of 30 and 22736934.
6
What is the highest common divisor of 1708898096 and 4804?
4804
Calculate the highest common factor of 157 and 190602553.
157
What is the highest common factor of 2251 and 657226721?
2251
Calculate the highest common factor of 564 and 6792628.
188
What is the greatest common divisor of 11655499 and 22771?
3253
Calculate the highest common divisor of 304290 and 688689.
621
What is the greatest common factor of 39776353 and 626?
313
Calculate the greatest common divisor of 37504803 and 33117.
399
What is the greatest common divisor of 34399036 and 84?
28
Calculate the highest common factor of 6468 and 496072962.
3234
What is the greatest common factor of 47882 and 93074?
538
What is the highest common factor of 169212 and 7284?
12
What is the highest common factor of 2822970 and 285?
15
What is the highest common divisor of 431100 and 293220?
180
What is the highest common factor of 42559 and 107529?
73
Calculate the highest common factor of 1253792 and 232.
8
What is the highest common factor of 1344 and 37974?
6
What is the highest common factor of 11704839 and 9?
3
Calculate the greatest common divisor of 132768 and 73528578.
8298
Calculate the greatest common divisor of 4862 and 17068051.
2431
What is the highest common factor of 8028 and 79356?
12
What is the highest common factor of 240948440 and 4440?
1480
Calculate the greatest common factor of 49321485 and 15.
15
What is the highest common factor of 16640096 and 1312?
1312
What is the greatest common divisor of 159450333 and 21?
21
Calculate the highest common divisor of 284266303 and 1017.
113
What is the greatest common factor of 11954129 and 254?
127
Calculate the greatest common divisor of 936899 and 3172.
61
What is the greatest common factor of 14358762 and 39?
3
What is the highest common divisor of 154 and 21432070?
22
Calculate the highest common divisor of 81 and 53266167.
81
What is the highest common divisor of 906 and 453151?
151
What is the greatest common factor of 137633510 and 2582?
2582
Calculate the highest common factor of 1218388 and 24.
4
What is the greatest common factor of 83650 and 3766?
14
Calculate the highest common divisor of 2046 and 5400138.
186
Calculate the greatest common factor of 111473496 and 1296.
648
Calculate the greatest common factor of 2654491 and 672833.
1939
Calculate the greatest common divisor of 30545430 and 68.
34
What is the highest common factor of 4854282 and 3774?
102
Calculate the highest common factor of 8046101 and 7049.
133
What is the highest common divisor of 1248 and 6300736?
416
What is the greatest common factor of 53505 and 1225569?
87
Calculate the greatest common divisor of 3454 and 179686029.
157
Calculate the greatest common factor of 4752 and 2731707.
99
Calculate the highest common factor of 5236024 and 3472.
248
Calculate the highest common divisor of 31605 and 497037.
129
Calculate the highest common factor of 324 and 32114556.
324
Calculate the greatest common divisor of 452 and 3819965.
113
Calculate the greatest common factor of 21710 and 38637287.
2171
Calculate the highest common divisor of 1273991 and 62692.
2239
What is the greatest common factor of 99084 and 181470?
138
What is the highest common factor of 67 and 213614358?
67
What is the greatest common divisor of 836408 and 524?
4
What is the highest common factor of 6941010 and 390?
30
Calculate the greatest common divisor of 6834 and 1275510.
102
What is the greatest common divisor of 212 and 609790122?
106
Calculate the highest common factor of 2194 and 1314911371.
1097
Calculate the highest common divisor of 169671 and 2070.
69
What is the greatest common factor of 10 and 4084400890?
10
Calculate the highest common factor of 5555424 and 160.
32
What is the highest common divisor of 5425 and 3241980?
1085
What is the highest common divisor of 138469401 and 14868?
3717
Calculate the greatest common factor of 9 and 13112097.
3
What is the highest common factor of 114739961 and 7?
7
What is the greatest common factor of 1455 and 91381760?
485
What is the highest common factor of 3436 and 5129948?
3436
What is the highest common factor of 2513802 and 582?
6
Calculate the highest common factor of 167418 and 1872.
18
What is the highest common divisor of 7098 and 1929018?
546
Calculate the greatest common divisor of 17022 and 139007326.
5674
What is the greatest common factor of 15458196 and 344052?
6036
Calculate the highest common factor of 3695668 and 268.
4
Calculate the highest c